/((-3)/(0 - 3)). Let y = 5 - o. Calculate h(y).
-6
Let u(w) = 7*w + 1. Suppose 3*l = 19 - 4. Suppose 3*j - l = -2*j. What is u(j)?
8
Let f(v) be the first derivative of 7*v**2/2 + v + 4. What is f(1)?
8
Let y(f) = 4*f**2 - 1. Let z(a) = -2*a + 7. Suppose -2*l - 3 + 9 = 0. Let d be z(l). What is y(d)?
3
Let z(c) = 9*c**3 - 2*c**2 - 2*c - 1. Let d be (0 + 3 - 1)*-1. Let l be -1*(2 + -3) + d. What is z(l)?
-10
Let k(o) be the first derivative of o**4/4 - 4*o**3/3 - 5*o + 10. Suppose -4*h + 8 = -2*h. Calculate k(h).
-5
Suppose h - 21 = -5*b, -3*b - 11 - 4 = -4*h. Let z(w) = -w**3 + 5*w**2 + 5*w + 1. Calculate z(h).
-5
Let t be 0/(-2) - 0/2. Let q = 8 - 6. Let h(b) = -q*b + b**3 + 3*b - 4 + 6. What is h(t)?
2
Let p(t) = t**3 + 28 + 3*t - 4*t**3 - 3*t**2 + 2*t**3 - 25. Determine p(-3).
-6
Let k = -6 - -3. Let d(f) = f**2 + 2*f + 2. Determine d(k).
5
Let l(x) = -9*x**3 + 8*x**2 + 4*x - 4*x - 4 - 2 - 9*x. Let a(w) = -9*w**3 + 7*w**2 - 8*w - 5. Let t(p) = -7*a(p) + 6*l(p). Let v be 1 - 1 - (1 + -2). Give t(v).
9
Suppose -2*y + 18 = -4*s, 2*s = -0*s - 4. Let u = 8 - y. Let v(o) = 2*o. Determine v(u).
6
Let o(d) = -5*d**2 - 5*d + d**3 - 8 + 3 - 2*d**3 + 3*d. Give o(-5).
5
Let s be 1/(-3) - 39/(-9). Suppose 0 - 5 = -5*h - 5*z, s*z - 19 = h. Let o(n) be the first derivative of 2*n**3/3 + n**2 - 4*n + 3. What is o(h)?
8
Let c(k) be the third derivative of -k**4/12 + 5*k**2. Calculate c(-2).
4
Let n(o) be the third derivative of -o**8/20160 - o**7/2520 - o**6/240 - 2*o**5/15 + 4*o**2. Let s(t) be the third derivative of n(t). Calculate s(3).
-18
Let u(v) be the first derivative of v**2 - 5*v + 16. Give u(4).
3
Suppose 2*i = -0*i - 4. Let x(m) = m**2 - m + 1. Let p(d) = d**2 - 5*d + 1. Let w(c) = p(c) - 2*x(c). Give w(i).
1
Let u(x) = 3*x**3 - 4*x**2 + x - 1. Let f(h) = -10*h**3 + 13*h**2 - 4*h + 4. Let y(w) = 2*f(w) + 7*u(w). What is y(-2)?
-13
Suppose 0 = -4*m + m + 9. Let b be (-2)/m + 95/(-15). Let n = b + 4. Let s(d) = -d**3 - 3*d**2 + d - 1. What is s(n)?
-4
Let b(i) = -24*i**2 - 2*i + 13. Let r(n) = 11*n**2 + n - 6. Let j(d) = 6*b(d) + 13*r(d). Determine j(-3).
-12
Let t(k) = 3*k**2 + 11*k + 5. Let x(b) = b**2 + b - 1. Let o(u) = -t(u) + 2*x(u). Calculate o(-8).
1
Suppose 2*j - 12 = 3*z, 8 = -j - 0*j - 2*z. Let p(t) be the third derivative of 0*t**4 + 6*t**2 + 7/6*t**3 + 0*t - 1/60*t**5 + 1/120*t**6 + 0. Calculate p(j).
7
Let x(r) be the third derivative of r**6/120 + r**5/30 - r**4/6 - r**3/6 + r**2. Let n(o) = -2*o + 9. Let l be n(11). Let q = 10 + l. What is x(q)?
2
Let i be (-20)/15 - 2/(-6). Let c(h) = 2*h - 7. Let a(y) = -5*y + 20. Let x(d) = -3*a(d) - 8*c(d). Let k(r) = -1. Let l(z) = i*x(z) + 6*k(z). Give l(-5).
-7
Suppose -1 = -d + 1. Suppose 12 = 5*y + d, -5*x = 3*y - 21. Let n(l) = l**x + 3 + 4*l - l + 2*l + 5*l**2. Calculate n(-4).
-1
Let y(j) = -10*j + 6. Let i(c) = c - 1. Let z(x) = -8*i(x) - y(x). Let g = 1 + 1. What is z(g)?
6
Let q = -6 - -9. Suppose q = -2*p - 1. Let v be ((-5 - p) + 2)/1. Let k(y) = 3*y**3 - 1. What is k(v)?
-4
Let o(a) = 0*a - a + 6*a. Let t be o(-1). Let r(h) = -h**2 - 3*h + 6. Give r(t).
-4
Let a be 2/7 + 231/49. Let x(k) = -7*k**2 + 15*k + 19. Let s(g) = 4*g**2 - 8*g - 10. Let y(l) = -5*s(l) - 3*x(l). What is y(a)?
-7
Let w = 3 - 7. Let v(i) be the first derivative of -i**2 - 2*i - 5. Determine v(w).
6
Let v(g) be the second derivative of -g**3/6 - g**2/2 - 6*g. What is v(-1)?
0
Let h(a) = a**3 - 3*a**2 + 2*a - 2. Let c = 19 - 16. Determine h(c).
4
Let v = -5 - -10. Let t(b) = -b + 4 - v*b**2 - b + 4*b**2. Suppose -5*h = 7 + 8. Calculate t(h).
1
Let w(n) = -8*n**3 + n**2 - n. Let m be 0/(2/(-4)*-2). Let o be 0 + -2 + m - -2. Suppose o = -3*v - 0*v + 3. Determine w(v).
-8
Let w(x) = -x**2 - 6*x + 9. Let d(j) = 2*j**2 + 5*j - 10. Let u(n) = 2*d(n) + 3*w(n). Determine u(8).
7
Let k = -6 - -8. Let i(x) = x**3 - x**2 + x - 1. Give i(k).
5
Let p(a) = -2*a. Suppose -12 = -5*c + 8. Suppose 14 = -2*k + c. Give p(k).
10
Suppose -20 = -3*h + 8*h. Let a(k) = -2*k - 2. Give a(h).
6
Let s(w) = -w**2 + 3*w - 3. Let i be 9/12 + 3/(-4). Suppose -22 = -4*x - i*q + 5*q, -3*x = -q - 11. Calculate s(x).
-3
Let r(k) = k**3 - k**2 + 7*k. Let w(s) = 2*s**3 + 8*s + 1. Let z(v) = 3*r(v) - 2*w(v). Let t(y) = -y**3 - 7*y**2 - 3*y + 14. Let c be t(-6). Give z(c).
-6
Let y(h) = -h + 6. Let o be y(8). Let v be (-6)/o*(-2)/(-3). Suppose -4*c - 3*q - 3 = 0, c = -3*q + v*q. Let j(p) = -p + 3. Determine j(c).
6
Let g(a) be the second derivative of a**4/3 - a**2/2 - 2*a. Let p be (1/(-2))/((-7)/14). Calculate g(p).
3
Let l(a) = 2*a + 6. Let i = 19 - 27. What is l(i)?
-10
Let f(h) = 12*h - 1. Suppose u - 4 = -3*u. What is f(u)?
11
Let s = 14 - 12. Let r(q) = -1 - 5 + s*q + 0. What is r(5)?
4
Let y = -12 + 17. Let o(x) = -x + 3. Let n be o(y). Let h(a) = a**3 + 4*a**2 + a - 1. Calculate h(n).
5
Let c(n) be the second derivative of -n**5/20 + n**4/4 + n**3/2 - n**2/2 - 16*n. Calculate c(4).
-5
Let i(p) be the third derivative of -p**4/12 + p**3/6 + 3*p**2. Give i(2).
-3
Let r(a) = a**2 - a + 2. Let t(d) = -3*d + 18. Let n be t(5). Calculate r(n).
8
Let f(d) = d**2 + 7*d - 6. Let x be f(-8). Suppose -2*s + 4*v + 16 = x*s, -v = -5*s + 4. Let u(i) = s*i + 0*i + i + 2. Determine u(-3).
-1
Let x(c) = -c**2 + 4 - c + 3*c - 3*c. What is x(0)?
4
Let u(k) = -5*k + 0*k**3 - 7*k**2 + 3 - 3*k**3 + 2*k**3. Suppose 25 = 4*h + 5*v, 0 = 5*v - 4 - 1. Suppose 2*r - 18 = h*r. Determine u(r).
-3
Let o = 2 + 2. Let b be (-10)/6 - o/(-6). Let m(s) be the second derivative of -5*s**4/12 - s**3/3 - s**2/2 + 7*s. Give m(b).
-4
Let p be 23/5 - 2/(-5). Let l(k) = 3*k**3 - 7*k**2 + k - 7. Let z(v) = 4*v**3 - 8*v**2 - 8. Let s(c) = -3*l(c) + 2*z(c). Calculate s(p).
-10
Suppose 6*o - 8*o + 6 = 0. Let r(w) be the second derivative of -w + 0 + 1/3*w**o + 3/2*w**2. Give r(3).
9
Suppose 0 = 3*c + 11 + 4. Let s(d) = d**3 + 5*d**2 - 5. What is s(c)?
-5
Let k(w) = w**2 - w + 2. Let n be k(0). Let x be (-14)/(-3) + 4/(-6). Let a(l) = -l - 2 + 3 + x*l**2 + 3*l**3 - 4*l**3 - 3*l**2. Determine a(n).
-5
Let j(z) = 3*z**2 - 6*z**2 - 2 + 1 + 0*z - z. Determine j(2).
-15
Suppose 0 = -3*h - 3 - 0. Let j = -16 + 18. Let d(b) = -2*b - 4*b**2 + 7 + 3*b**2 - 8 - 3*b**j. Calculate d(h).
-3
Let y(t) = t**2 + 7*t + 1. Let f be y(-7). Suppose 3*r = f + 8. Suppose -3*h - 5 = q, 5*q - r*h + 25 = -h. Let c(x) = -3*x - 7. Give c(q).
8
Let p(d) = -d**2. Let b(m) = -6*m - 3 - m**3 + 2*m**2 + 5*m**2 + 1 + 7. Let i(s) = b(s) + 2*p(s). Calculate i(4).
-3
Let x = 12 - 8. Suppose -x*z + 5*t - 33 = 0, 0 = -2*z + 6*z + 2*t + 26. Let h = z - -11. Let n(f) = f + 1. Determine n(h).
5
Let s(w) be the second derivative of -w**5/120 - w**4/24 - 5*w**3/6 - w. Let q(r) be the second derivative of s(r). Let t be 13/4 + (-1)/4. Determine q(t).
-4
Let t be 72/30 + 6/10. Let a(x) = x**2 + 2*x**2 + 4*x**t - 2*x**2. Suppose -2*p - 2 = -2*b, -2*b + 2 = -p + 1. Determine a(p).
-3
Let f = -15 - -13. Let v(g) = 4*g + 1. What is v(f)?
-7
Let p(v) = -2 - 300*v + 6 + 299*v. Calculate p(4).
0
Let i(a) = a - 4. Suppose 6 = 5*s - 29. Let z be i(s). Let j(n) = 2 - 3 + n**2 + z. Determine j(-3).
11
Let x(n) = -n - 12. Let l be x(-10). Let g(j) = -j**3 - j - 1. Let s(w) = 6*w**3 + 2*w**2 + 5*w + 3. Let t(o) = -5*g(o) - s(o). Determine t(l).
2
Suppose 4*d = d + 3*g + 3, 0 = 2*d + 5*g - 23. Suppose d*a + 2 = -18. Let f(u) = -u**2 - 4*u + 4. Determine f(a).
-1
Let l(f) = -f**3 - 2*f**2 - 3*f - 1. Let o be (-9)/6*(-7)/(21/(-4)). What is l(o)?
5
Let r(q) = 438*q**2 + 13 - 9*q - 2*q - 4 - 437*q**2. Calculate r(9).
-9
Suppose 49*g = 51*g - 14. Let p(u) = u**2 - 9*u + 9. Determine p(g).
-5
Let m = -14 + 17. Let q(t) = -5 + 0*t**m + 0*t**3 + 0*t**3 - t**3 - t - 4*t**2. Determine q(-4).
-1
Let h(v) be the third derivative of 0*v + 0 - 1/12*v**4 + v**2 - 1/3*v**3. Calculate h(2).
-6
Let z(v) = -v**3 + 3*v**2 + 6*v + 4. Let y(t) = t - 1. Let n(q) = -q**2 + q - 2. Let k(u) = n(u) - 2*y(u). Let f(w) = 6*k(w) + z(w). What is f(-3)?
4
Suppose -2*q = 2*x + 3*x + 47, x - 4*q = -27. Let w = x + 14. Let a(o) = -o**3 + 3*o**2 + 4*o + 1. Give a(w).
13
Suppose -2 = n - 6. Let i(y) = -y + 3. What is i(n)?
-1
Suppose 5*s - f - f - 1 = 0, -2*s = 3*f + 11. Let b be 2*(-1)/(-2)*s. Let w(u) be the second derivative of 3*u**5/10 - u**4/12 - 28*u. What is w(b)?
-7
Let 